{"id":2,"date":"2025-09-03T13:26:22","date_gmt":"2025-09-03T11:26:22","guid":{"rendered":"http:\/\/www.ipasquini.com\/?page_id=2"},"modified":"2025-09-03T14:06:23","modified_gmt":"2025-09-03T12:06:23","slug":"pagina-ejemplo","status":"publish","type":"page","link":"https:\/\/www.ipasquini.com\/?page_id=2","title":{"rendered":"Sobre Nosotros"},"content":{"rendered":"\n<p><br>iPasquini Eventos Musicales ofrece un servicio exclusivo de m\u00fasica en vivo para restaurantes que buscan a\u00f1adir un toque de distinci\u00f3n y sofisticaci\u00f3n a su ambiente. Liderado por Pablo de Echanove Leyra, pianista con grado profesional en m\u00fasica, nuestro objetivo es crear experiencias memorables para sus clientes a trav\u00e9s de interpretaciones de alta calidad.<\/p>\n","protected":false},"excerpt":{"rendered":"<p>iPasquini Eventos Musicales ofrece un servicio exclusivo de m\u00fasica en vivo para restaurantes que buscan a\u00f1adir un toque de distinci\u00f3n y sofisticaci\u00f3n a su ambiente. Liderado por Pablo de Echanove Leyra, pianista con grado profesional en m\u00fasica, nuestro objetivo es crear experiencias memorables para sus clientes a trav\u00e9s de interpretaciones de alta calidad.<\/p>\n","protected":false},"author":1,"featured_media":0,"parent":0,"menu_order":0,"comment_status":"closed","ping_status":"open","template":"","meta":{"footnotes":""},"class_list":["post-2","page","type-page","status-publish","hentry"],"_links":{"self":[{"href":"https:\/\/www.ipasquini.com\/index.php?rest_route=\/wp\/v2\/pages\/2","targetHints":{"allow":["GET"]}}],"collection":[{"href":"https:\/\/www.ipasquini.com\/index.php?rest_route=\/wp\/v2\/pages"}],"about":[{"href":"https:\/\/www.ipasquini.com\/index.php?rest_route=\/wp\/v2\/types\/page"}],"author":[{"embeddable":true,"href":"https:\/\/www.ipasquini.com\/index.php?rest_route=\/wp\/v2\/users\/1"}],"replies":[{"embeddable":true,"href":"https:\/\/www.ipasquini.com\/index.php?rest_route=%2Fwp%2Fv2%2Fcomments&post=2"}],"version-history":[{"count":2,"href":"https:\/\/www.ipasquini.com\/index.php?rest_route=\/wp\/v2\/pages\/2\/revisions"}],"predecessor-version":[{"id":11,"href":"https:\/\/www.ipasquini.com\/index.php?rest_route=\/wp\/v2\/pages\/2\/revisions\/11"}],"wp:attachment":[{"href":"https:\/\/www.ipasquini.com\/index.php?rest_route=%2Fwp%2Fv2%2Fmedia&parent=2"}],"curies":[{"name":"wp","href":"https:\/\/api.w.org\/{rel}","templated":true}]}}