{"id":49,"date":"2025-09-03T17:45:00","date_gmt":"2025-09-03T15:45:00","guid":{"rendered":"https:\/\/www.ipasquini.com\/?page_id=49"},"modified":"2025-09-03T17:45:00","modified_gmt":"2025-09-03T15:45:00","slug":"mas-sobre-mi","status":"publish","type":"page","link":"https:\/\/www.ipasquini.com\/?page_id=49","title":{"rendered":"M\u00e1s sobre m\u00ed"},"content":{"rendered":"\n<p>Mi nombre es Pablo de Echanove Leyra. La m\u00fasica es mi pasi\u00f3n desde que era muy peque\u00f1o.<\/p>\n\n\n\n<figure class=\"wp-block-image size-full\"><img loading=\"lazy\" decoding=\"async\" width=\"1080\" height=\"1440\" src=\"https:\/\/www.ipasquini.com\/wp-content\/uploads\/2025\/09\/1000001689.png\" alt=\"\" class=\"wp-image-43\"\/><\/figure>\n\n\n\n<p>Tengo el grado profesional de m\u00fasica y estoy estudiando el ciclo superior en la escuela Katarina Gurska de Madrid.<\/p>\n\n\n\n<p>Me encanta compartir mi arte con otras personas.<\/p>\n","protected":false},"excerpt":{"rendered":"<p>Mi nombre es Pablo de Echanove Leyra. La m\u00fasica es mi pasi\u00f3n desde que era muy peque\u00f1o. Tengo el grado profesional de m\u00fasica y estoy estudiando el ciclo superior en la escuela Katarina Gurska de Madrid. Me encanta compartir mi arte con otras personas.<\/p>\n","protected":false},"author":1,"featured_media":0,"parent":0,"menu_order":0,"comment_status":"closed","ping_status":"closed","template":"","meta":{"footnotes":""},"class_list":["post-49","page","type-page","status-publish","hentry"],"_links":{"self":[{"href":"https:\/\/www.ipasquini.com\/index.php?rest_route=\/wp\/v2\/pages\/49","targetHints":{"allow":["GET"]}}],"collection":[{"href":"https:\/\/www.ipasquini.com\/index.php?rest_route=\/wp\/v2\/pages"}],"about":[{"href":"https:\/\/www.ipasquini.com\/index.php?rest_route=\/wp\/v2\/types\/page"}],"author":[{"embeddable":true,"href":"https:\/\/www.ipasquini.com\/index.php?rest_route=\/wp\/v2\/users\/1"}],"replies":[{"embeddable":true,"href":"https:\/\/www.ipasquini.com\/index.php?rest_route=%2Fwp%2Fv2%2Fcomments&post=49"}],"version-history":[{"count":1,"href":"https:\/\/www.ipasquini.com\/index.php?rest_route=\/wp\/v2\/pages\/49\/revisions"}],"predecessor-version":[{"id":50,"href":"https:\/\/www.ipasquini.com\/index.php?rest_route=\/wp\/v2\/pages\/49\/revisions\/50"}],"wp:attachment":[{"href":"https:\/\/www.ipasquini.com\/index.php?rest_route=%2Fwp%2Fv2%2Fmedia&parent=49"}],"curies":[{"name":"wp","href":"https:\/\/api.w.org\/{rel}","templated":true}]}}